nvert -46a4 (base 14) to base 10.
-12296
-cc (base 14) to base 13
-10b
What is -65 (base 9) in base 13?
-47
230 (base 6) to base 11
82
Convert 164102 (base 7) to base 2.
111111101111100
What is -4623 (base 13) in base 16?
-2667
-4077 (base 8) to base 9
-2805
Convert 12523 (base 8) to base 9.
7435
Convert 143a (base 15) to base 8.
10352
-110624 (base 9) to base 6
-1230034
Convert -8436 (base 9) to base 12.
-36b9
Convert -2240043 (base 5) to base 7.
-224454
-a9e (base 15) to base 14
-c35
22222 (base 12) to base 5
2421432
61760 (base 11) to base 3
11120120200
What is aa (base 16) in base 11?
145
What is -5093 (base 10) in base 2?
-1001111100101
1765 (base 8) to base 10
1013
Convert -212102 (base 3) to base 4.
-21320
Convert a1a (base 11) to base 4.
103033
21b33 (base 13) to base 7
343325
What is -1479 (base 11) in base 9?
-2542
What is -a33 (base 16) in base 5?
-40421
Convert 21201121 (base 3) to base 6.
42024
4bc (base 15) to base 9
1426
What is -154d (base 14) in base 13?
-195a
Convert -1053244 (base 6) to base 16.
-d27c
What is 111011201 (base 3) in base 16?
2584
Convert 365a6 (base 12) to base 14.
1ca86
Convert -322213 (base 7) to base 4.
-31223101
Convert 13231221 (base 4) to base 3.
1121100010
What is -1211420 (base 5) in base 9?
-34161
4223 (base 14) to base 11
8623
What is -17532 (base 9) in base 6?
-132002
What is 5604 (base 7) in base 10?
2013
Convert -3640 (base 9) to base 6.
-20313
Convert c4 (base 13) to base 3.
12221
What is -32203 (base 4) in base 5?
-12211
4231 (base 5) to base 10
566
301424 (base 6) to base 3
1012111221
What is 2802 (base 10) in base 3?
10211210
Convert -95 (base 12) to base 6.
-305
Convert 1304 (base 10) to base 8.
2430
2da (base 15) to base 7
1624
Convert 1528 (base 13) to base 12.
1944
What is 9a3 (base 16) in base 2?
100110100011
Convert 46b6 (base 13) to base 2.
10011011011111
What is 5778 (base 11) in base 6?
55043
-100201010 (base 3) to base 7
-26430
4067 (base 8) to base 2
100000110111
Convert -25a2 (base 14) to base 15.
-1e5a
-10011101110110 (base 2) to base 15
-2ed7
Convert -1312 (base 8) to base 2.
-1011001010
Convert -3147 (base 11) to base 16.
-1045
Convert -d8a1 (base 15) to base 4.
-23030002
Convert 22120001 (base 3) to base 9.
8501
260611 (base 7) to base 12
23b6a
What is 1052 (base 7) in base 13?
233
What is -653 (base 14) in base 3?
-1201021
-110110111110011 (base 2) to base 3
-1102121111
134004 (base 5) to base 6
41252
What is -44122 (base 6) in base 7?
-23531
2460 (base 7) to base 4
32130
Convert 19565 (base 11) to base 3.
1101102222
What is -2ce (base 16) in base 15?
-32d
-291 (base 10) to base 12
-203
Convert -2100124 (base 5) to base 2.
-1000011001101110
What is -2ebb (base 16) in base 2?
-10111010111011
What is -2110212 (base 5) in base 8?
-104361
-10011001000101 (base 2) to base 13
-45c8
What is -27a (base 14) in base 4?
-13310
Convert 15384 (base 11) to base 3.
1002211121
What is -4f03 (base 16) in base 2?
-100111100000011
Convert -22212 (base 3) to base 5.
-1424
What is -270 (base 10) in base 13?
-17a
bdd (base 14) to base 15
a6b
1101033 (base 4) to base 8
12117
Convert 1011 (base 2) to base 4.
23
1102 (base 7) to base 6
1454
What is -101110 (base 2) in base 5?
-141
What is 201000201 (base 3) in base 2?
11011000101110
Convert 4145 (base 6) to base 14.
4a5
Convert -1010011011 (base 2) to base 8.
-1233
Convert 17b (base 16) to base 15.
1a4
What is -12330 (base 5) in base 15?
-445
Convert 64 (base 7) to base 6.
114
Convert -2da (base 14) to base 15.
-28e
Convert -17b (base 14) to base 13.
-1a6
14023 (base 5) to base 12
7aa
Convert 1010111000 (base 2) to base 14.
37a
221233 (base 5) to base 6
55341
What is 5310 (base 6) in base 11?
996
173 (base 8) to base 11
102
-3696 (base 16) to base 7
-55512
What is a844 (base 12) in base 2?
100100000110100
-337 (base 9) to base 7
-544
Convert 2753 (base 13) to base 4.
1120031
Convert -520a (base 12) to base 2.
-10001011101010
Convert 520 (base 11) to base 14.
32b
-5294 (base 11) to base 4
-1231120
What is -342 (base 7) in base 11?
-151
-b0 (base 15) to base 14
-bb
Convert -10b86 (base 14) to base 8.
-117362
Convert 101101000 (base 2) to base 5.
2420
-4740 (base 12) to base 5
-223333
-20e7 (base 16) to base 12
-4a5b
Convert -1010000010 (base 2) to base 10.
-642
Convert -110045 (base 6) to base 12.
-5325
Convert -19f5 (base 16) to base 5.
-203040
Convert -1972 (base 12) to base 4.
-300212
10252 (base 7) to base 10
2536
What is -40211 (base 5) in base 7?
-10311
-2a (base 13) to base 3
-1100
30320 (base 4) to base 2
1100111000
-31300 (base 5) to base 13
-c38
Convert -3670 (base 13) to base 10.
-7696
-104 (base 16) to base 6
-1112
Convert -100111 (base 4) to base 12.
-731
-1b02 (base 12) to base 3
-11112202
30322 (base 6) to base 4
332222
2507 (base 11) to base 12
1a8a
4021 (base 6) to base 7
2362
Convert 503 (base 11) to base 13.
37a
Convert a6b (base 12) to base 6.
11015
-1110100010 (base 2) to base 11
-776
Convert -192 (base 12) to base 7.
-512
Convert 20031 (base 4) to base 12.
379
Convert -32263 (base 8) to base 3.
-200111200
What is -210011 (base 4) in base 6?
-14405
Convert 10201200 (base 3) to base 8.
5236
Convert -1576 (base 10) to base 6.
-11144
Convert 5 (base 7) to base 2.
101
Convert -22122 (base 4) to base 12.
-476
What is 334 (base 9) in base 6?
1134
Convert -1234 (base 8) to base 13.
-3c5
What is -1c7c (base 13) in base 16?
-10e8
-1452 (base 12) to base 14
-c10
Convert 27b (base 16) to base 12.
44b
1011 (base 4) to base 15
49
988 (base 10) to base 2
1111011100
Convert 44053 (base 7) to base 10.
11014
What is 770 (base 9) in base 8?
1166
11475 (base 11) to base 12
96a2
-22150 (base 9) to base 6
-152030
Convert 6b83 (base 12) to base 5.
341201
What is -1440 (base 11) in base 3?
-2112212
Convert -745 (base 16) to base 4.
-131011
Convert 161300 (base 8) to base 15.
122ed
What is 5042 (base 11) in base 13?
3086
-206 (base 8) to base 9
-158
Convert -727d (base 15) to base 4.
-11322001
What is 1011010100110 (base 2) in base 8?
13246
What is -3da8 (base 14) in base 10?
-10928
What is 10a4 (base 11) in base 16?
5a5
Convert -34013 (base 9) to base 4.
-11201103
13030 (base 4) to base 14
24c
What is 3cb (base 16) in base 6?
4255
-168 (base 14) to base 6
-1200
Convert 10000001 (base 2) to base 11.
108
4d7 (base 14) to base 3
1100001
What is -6196 (base 11) in base 8?
-20024
Convert -af (base 16) to base 5.
-1200
What is -1101202221 (base 3) in base 13?
-c6c4
What is 366262 (base 7) in base 11?
463a4
What is 206665 (base 7) in base 11?
2506a
Convert -247 (base 11) to base 16.
-125
Convert -970 (base 11) to base 5.
-14131
Convert -2213 (base 11) to base 8.
-5546
Convert -111001111011 (base 2) to base 9.
-5068
What is -132413 (base 5) in base 12?
-3126
What is -5311 (base 7) in base 3?
-2120021
What is -18a (base 16) in base 4?
-12022
What is 10201101 (base 3) in base 14?
db8
What is -3140 (base 6) in base 14?
-388
-100111 (base 3) to base 12
-194
Convert -244 (base 5) to base 3.
-2202
Convert 4291 (base 12) to base 2.
1110010001101
ba1 (base 13) to base 6
13114
What is 1411321 (base 5) in base 4?
13010201
29302 (base 10) to base 16
7276
What is 120000010 (base 3) in base 12?
63b6
Convert -10033 (base 16) to base 5.
-4044322
-435 (base 7) to base 15
-ec
Convert 850a (base 11) to base 10.
11263
What is -44478 (base 9) in base 10?
-29555
What is -26dd (base 15) in base 8?
-20164
Convert -49b (base 15) to base 10.
-1046
-20aa (base 11) to base 6
-20514
What is 211061 (base 8) in base 9?
116252
-20054 (base 6) to base 10
-2626
1102221020 (base 3) to base 14
a4b5
What is 43d (base 15) in base 12?
67a
Convert 5524 (base 7) to base 14.
a14
3320002 (base 4) to base 9
23687
Convert 147 (base 12) to base 14.
103
-23255 (base 6) to base 2
-110100010011
What is 385a (base 11) in base 4?
1032202
1a72 (base 14) to base 4
1023010
414 (base 10) to base 5
3124
-b0 (base 13) to base 14
-a3
-721 (base 9) to base 2
-1001001010
Convert -36a1 (base 12) to base 5.
-144134
What is bcb (base 13) in base 16?
7ea
What is 35225 (base 7) in base 13?
4160
What is 503511 (base 6) in base 2?
1001101100100011
Convert -52 (base 15) to base 16.
-4d
What is -1918 (base 10) in base 6?
-12514
119 (base 11) to base 3
12020
Convert -215 (base 10) to base 13.
-137
What is -100010010001 (base 